{"id":179,"date":"2026-01-25T22:16:23","date_gmt":"2026-01-25T21:16:23","guid":{"rendered":"https:\/\/roc-line.fr\/parc-aventure\/?page_id=179"},"modified":"2026-05-01T06:55:56","modified_gmt":"2026-05-01T04:55:56","slug":"presentacio-2","status":"publish","type":"page","link":"https:\/\/roc-line.fr\/parc-aventure\/ca\/presentacio-2\/","title":{"rendered":"Presentaci\u00f3"},"content":{"rendered":"\n<h4 class=\"wp-block-heading\"><strong>Roc Line \u00e9s un parc d\u2019aventura at\u00edpic en un ambient salvatge<\/strong><\/h4>\n\n\n\n<p>Vine a gaudir de les nostres instal\u00b7lacions que ofereixen una varietat de jocs divertits<br>com s\u00f3n els ponts tibetans, escales, xarxes i passos de roca,<br>amb els quals tindr\u00e0s la sensaci\u00f3 de l\u2019aut\u00e8ntica escalada.<\/p>\n\n\n\n<p>Amb la nostra&nbsp;<em>slakline<\/em>&nbsp;gegant podr\u00e0s desafiar el teu equilibri amb tota seguretat.<\/p>\n\n\n\n<p>Per acabar una impressionant baixada amb diferents tirolines de quasi 200 metres cadascuna amb vistes espectaculars de la Cerdanya. Estem a Angostrina, a prop de la capella de Sant Mart\u00ed, a tocar del riu Angostrina.<\/p>\n\n\n\n<p>L\u2019activitat \u00e9s apta per a nens i nenes a partir dels 3 anys&nbsp;<br>gr\u00e0cies als diferents recorreguts que oferim de diferents nivell.<\/p>\n\n\n\n<blockquote class=\"wp-block-quote is-layout-flow wp-block-quote-is-layout-flow\">\n<h6 class=\"wp-block-heading\"><strong>Reservacion<br><\/strong>au 06.38.48.64.64 ou 06.83.87.85.84<\/h6>\n<\/blockquote>\n\n\n<div class=\"wp-block-image\">\n<figure class=\"aligncenter size-large\"><img decoding=\"async\" src=\"https:\/\/roc-line.fr\/parc-aventure\/wp-content\/uploads\/2026\/01\/plan-2022ok-web.jpg\" alt=\"\"\/><\/figure>\n<\/div>\n\n\n<h4 class=\"wp-block-heading\"><strong>EDAT RECOMANADA PER ALS RECORREGUTS\u00a0:<\/strong><\/h4>\n\n\n\n<ul class=\"wp-block-list\">\n<li><strong>Groc<\/strong>\u00a0: desde 3 anys. El adult pot seguir a peu al costat del recorregut sense harnes. La tirolina de 20m esta adaptada per nens de menys de 50 kg<\/li>\n<\/ul>\n\n\n\n<blockquote class=\"wp-block-quote is-layout-flow wp-block-quote-is-layout-flow\">\n<p><strong>Pers als seg\u00fcents recorreguts el adult acompanyant ha d\u2019estar equipat de un arnes y casc.<\/strong><\/p>\n<\/blockquote>\n\n\n\n<blockquote class=\"wp-block-quote is-layout-flow wp-block-quote-is-layout-flow\">\n<p><strong>Els temps indicats son aproximatius i no esta inclos els temps de baixada en tirolinas<\/strong><\/p>\n<\/blockquote>\n\n\n\n<ul class=\"wp-block-list\">\n<li><strong>Vert<\/strong> :<br>\u2013 f\u00e0cil: inici despres del recorregut groc i desde 5 anys<br>\u2013 dif\u00edcil : inici al costat de la zona de briefing, desde 6 anys. La tirolina esta adaptada per tots.<\/li>\n\n\n\n<li><strong>Blau<\/strong> : desde 7 anys. Es el recorregut familial que dura com a minim 1 hora (sense las tirolinas). Per tornar a baixar fins al inici, 5 tirolinas gegants de casi 200 metres cadascuna. Pots fer nom\u00e8s 3 tirolinas. <\/li>\n\n\n\n<li><strong>Vermell<\/strong>\u00a0: desde 10 anys. Recorregut atl\u00e9tic de \u00be d\u2019hora. Possibilitat de acabar pel recorregut blau<\/li>\n\n\n\n<li><strong>Negre<\/strong> : desde 12 anys i dependant de l\u2019aptitud per l\u2019escalada.<br>Es el recorregut on hauras d\u2019escalar.<br>\u00be d\u2019hora, posibilitat de tornar al recorregut vermell.<br>Desde 2021, 2 extensions molt molt dificil.<br>Pasos de escalda de nivel 6a amb presas<br>Recomanat als mes de 16 anys y en molt bona condici\u00f3\u00a0f\u00edsica\u00a0<\/li>\n\n\n\n<li><strong>Slackline<\/strong>&nbsp;: Situada a dalt de tot, la slack line esta a 5 m d\u2019al\u00e7ada son 50 metres de equilibri que haur\u00e0s d\u2019aguantar per validar la teva experi\u00e8ncia&nbsp;<br><strong>Cal demanar-nos el funcionament abans d\u2019utilitzar per la seva securitat.<\/strong><\/li>\n<\/ul>\n\n\n\n<blockquote class=\"wp-block-quote is-layout-flow wp-block-quote-is-layout-flow\">\n<p>Recomanat als que han fet vermell o negre abans.<\/p>\n<\/blockquote>\n\n\n<div class=\"wp-block-image\">\n<figure class=\"aligncenter size-full\"><img loading=\"lazy\" decoding=\"async\" width=\"150\" height=\"150\" src=\"https:\/\/roc-line.fr\/parc-aventure\/wp-content\/uploads\/2026\/01\/image-9.png\" alt=\"\" class=\"wp-image-194\"\/><\/figure>\n<\/div>","protected":false},"excerpt":{"rendered":"<p>Roc Line \u00e9s un parc d\u2019aventura at\u00edpic en un ambient salvatge Vine a gaudir de les nostres instal\u00b7lacions que ofereixen una varietat de jocs divertitscom s\u00f3n els ponts tibetans, escales, xarxes i passos de roca,amb els quals tindr\u00e0s la sensaci\u00f3 de l\u2019aut\u00e8ntica escalada. Amb la nostra&nbsp;slakline&nbsp;gegant podr\u00e0s desafiar el teu equilibri amb tota seguretat. Per [&hellip;]<\/p>\n","protected":false},"author":1,"featured_media":0,"parent":0,"menu_order":0,"comment_status":"closed","ping_status":"closed","template":"template-parts\/template-no-sidebar.php","meta":{"footnotes":""},"class_list":["post-179","page","type-page","status-publish","hentry"],"_links":{"self":[{"href":"https:\/\/roc-line.fr\/parc-aventure\/wp-json\/wp\/v2\/pages\/179","targetHints":{"allow":["GET"]}}],"collection":[{"href":"https:\/\/roc-line.fr\/parc-aventure\/wp-json\/wp\/v2\/pages"}],"about":[{"href":"https:\/\/roc-line.fr\/parc-aventure\/wp-json\/wp\/v2\/types\/page"}],"author":[{"embeddable":true,"href":"https:\/\/roc-line.fr\/parc-aventure\/wp-json\/wp\/v2\/users\/1"}],"replies":[{"embeddable":true,"href":"https:\/\/roc-line.fr\/parc-aventure\/wp-json\/wp\/v2\/comments?post=179"}],"version-history":[{"count":7,"href":"https:\/\/roc-line.fr\/parc-aventure\/wp-json\/wp\/v2\/pages\/179\/revisions"}],"predecessor-version":[{"id":406,"href":"https:\/\/roc-line.fr\/parc-aventure\/wp-json\/wp\/v2\/pages\/179\/revisions\/406"}],"wp:attachment":[{"href":"https:\/\/roc-line.fr\/parc-aventure\/wp-json\/wp\/v2\/media?parent=179"}],"curies":[{"name":"wp","href":"https:\/\/api.w.org\/{rel}","templated":true}]}}